 - 388. Let r = 172 + v. Calculate the highest common divisor of r and 15.
15
Let w = -374 + 398. What is the greatest common factor of w and 372?
12
Suppose -2*l + 4*i - 46 = -48, 0 = l + 4*i - 31. What is the greatest common divisor of l and 451?
11
Suppose -2*l + 1 = -3*l - a, l - 19 = 3*a. Suppose -s + 17 + 11 = 0. What is the highest common factor of l and s?
4
Suppose -4*p - x = -2022, -4*p + 820 = 2*x - 1200. Let c = -48 - -94. What is the highest common factor of c and p?
46
Let w be (-2)/(-6) + 46/6. Suppose 0 = -5*z + 17 + 13. Let g(o) = 8*o - 24. Let p be g(z). What is the greatest common factor of p and w?
8
Suppose -10 = v - 3*v. Suppose -1 + 31 = 10*l. Suppose 52 = v*x + 4*i, -5*i - 22 = -l*x + 2*x. Calculate the greatest common divisor of x and 108.
12
Let x(b) = -4*b - 3. Let l = -12 - -10. Let t be x(l). Suppose z = a - 1, -t*z - 2*a - 3*a = -45. Calculate the greatest common factor of z and 12.
4
Let w(q) = 1 + 3*q - q + 268*q**3 + q**2 - 304*q**3. Let d be w(-1). What is the highest common factor of d and 12?
12
Suppose -2*l = -4*r - 82, 0 = -4*r - 5*l - 128 + 39. Let q be r/(-42) - 69/2. Let z be 2*(q/(-4) + -2). Calculate the highest common factor of 52 and z.
13
Let z(a) = a**2 + 15*a + 21. Let r be z(-15). Suppose 0 = 2*n - r - 1. Calculate the greatest common factor of 99 and n.
11
Let k(v) = 82*v**2 + 8*v - 4. Let u be k(2). What is the highest common factor of u and 34?
34
Suppose 2 = 15*l - 14*l. Let p(y) = y**3 + 5*y**2 + 18. Let j be p(-5). Calculate the highest common factor of l and j.
2
Let t = 178 - 170. Calculate the greatest common factor of t and 20.
4
Let y = -151 - -64. Let r = 147 + y. Let c be (-32)/(-6)*(-18)/(-4). What is the highest common divisor of r and c?
12
Let b(w) = 40*w**2 - w + 1. Let u be b(1). Let s = 4 + -5. Let q be (10/(2 + -4))/s. What is the greatest common factor of q and u?
5
Suppose 2*z + 5*s - 212 = 0, -s - 2*s + 549 = 5*z. Let w = z - 107. Calculate the highest common factor of w and 2.
2
Let t be (-26)/(-14) - (-2)/14. Let r be 60/(-3 - -6 - t). What is the greatest common factor of r and 24?
12
Let g(a) = -12*a - 6. Let y be g(-3). Let d(o) = o**3 + 8*o**2 + 3*o - 15. Let j be d(-5). Calculate the highest common factor of j and y.
15
Let v(j) = -j - 3. Let q(c) = -c + 3 + 0*c - c - 7. Let h(u) = 5*q(u) - 7*v(u). Let t be h(-1). Calculate the highest common divisor of 2 and t.
2
Let b(h) be the third derivative of -h**4/6 + 2*h**3/3 + 320*h**2. Let l be 2*(-2)/(-6)*-3. Let g be b(l). Calculate the greatest common divisor of 36 and g.
12
Let h be ((-14)/(-2) + -6)*(5 + 131). What is the greatest common divisor of h and 85?
17
Suppose -9*w + 1513 = 73. Calculate the highest common factor of 288 and w.
32
Let p = 7553 - 7532. Let s = 13 + -6. Calculate the highest common divisor of p and s.
7
Let r be 570/20*(-4)/(-6). Suppose 8*o - r = 7*o. What is the greatest common divisor of 57 and o?
19
Let c be 602/8 - ((-69)/12)/(-23). What is the highest common factor of c and 50?
25
Let w be -2 - 708/(-39) - 4/26. Calculate the highest common factor of w and 16.
16
Let m = -38 + 245. What is the highest common factor of m and 92?
23
Suppose 0 = 3*c - c - 528. Suppose 0 = 5*z - z - c. Let s be 2 - -2*6/3. What is the greatest common factor of z and s?
6
Let o be (-3940)/(-15) + 8/6. Suppose -6*a = -145 + 1. Calculate the greatest common divisor of o and a.
24
Let f be (-10)/(-6) + -1 - (-741)/171. Let m be 28 + (4 - (f + -3)). Calculate the greatest common divisor of 75 and m.
15
Let y(c) = 2*c + 15. Let v be y(-6). Let q be v*2 - (11 - 14). Suppose 410 = 2*a + 3*a + 5*m, -2*a + 163 = m. Calculate the highest common factor of q and a.
9
Let g(c) = 11*c - 13. Let s(r) = -21*r + 25. Let h(f) = -5*g(f) - 3*s(f). Let u be h(10). Calculate the highest common factor of u and 14.
14
Suppose -3*d - 85 = 4*s, -5*s - 16 = -5*d + 64. Let y = s - -51. Suppose -k = -13 - y. What is the greatest common factor of k and 9?
9
Let n(h) = 9*h - 146. Let x(l) = -5*l + 73. Let f(c) = -4*n(c) - 7*x(c). Let q be f(10). Calculate the highest common divisor of q and 9.
9
Let m = 20 - 79. Let j be (-1 - -1) + -1 - (-79 - m). Calculate the greatest common divisor of 304 and j.
19
Let c be (-112)/21*(-18)/8. What is the highest common divisor of 15 and c?
3
Suppose -1085 = -v + 21*j - 26*j, 0 = -2*v + 5*j + 2170. What is the greatest common divisor of v and 35?
35
Let c(r) = -2*r**2 - 3*r - 1. Let t be c(-3). Let a = t - -21. Calculate the highest common factor of a and 77.
11
Let c be (-1 + -9)*((-321)/15 + -1). What is the highest common divisor of c and 7?
7
Let l be ((-42)/(-15))/((-2)/(-20)). Let q be (-1*2)/(14/l). Let t be 46 - (9 + 3)/q. Calculate the highest common factor of 7 and t.
7
Let i be 6/12*26 - -11. Calculate the greatest common divisor of i and 132.
12
Let t = -386 - -417. Calculate the highest common divisor of t and 341.
31
Suppose -12*k = -16*k - 568. Let y = 150 + k. What is the highest common divisor of 24 and y?
8
Let m = -2081 - -2171. Calculate the highest common factor of 495 and m.
45
Let g(q) = -7*q + 114. Let k be g(14). Calculate the greatest common divisor of k and 384.
16
Let j = 8 - 2. Let s(h) = 2*h + 3. Let f(r) = -5*r - 9. Let u(v) = 6*f(v) + 17*s(v). Let b be u(j). Calculate the greatest common factor of b and 42.
21
Let j(z) = z**2 - 1 + 144*z - z**2 - 152*z + z**2. Let x be j(9). Suppose -7*s + 40 = -2*s. Calculate the highest common divisor of s and x.
8
Suppose 0 = -4*c - 42 - 42. Let h(x) = 2*x**2 + 5*x - 7. Let w be h(2). Let y = w - c. What is the highest common divisor of y and 80?
16
Suppose 17 = 2*m + 4*l - 67, -3*m - 5*l = -121. Calculate the highest common divisor of 464 and m.
16
Let x = -1447 + 1515. What is the highest common factor of x and 153?
17
Let g(c) = -c**3 - 12*c**2 - 18*c + 21. Let d be g(-10). Let v be (d + -21)/(-4) - 4. What is the highest common divisor of v and 13?
1
Let j(c) = -c**2 + c - 119. Let b be j(0). Let i = 236 + b. Calculate the greatest common factor of i and 13.
13
Suppose 2 = -0*d - 2*d. Let t be 1*-10*(d - 3). What is the greatest common factor of t and 16?
8
Let u(k) = k**3 - 6*k**2 - 8*k + 7. Let r be u(7). Suppose 4*x - 12 = -r*x. Suppose 8 = 16*i - 8. Calculate the highest common divisor of x and i.
1
Let y = 17 + -1. Let j be (-600)/720 + 773/6. Calculate the highest common factor of j and y.
16
Let w = 882 - 686. What is the highest common divisor of 343 and w?
49
Suppose 5*j - 10 = -f, f + 2*j - 15 = -2*j. Calculate the highest common factor of f and 28.
7
Let s be (-132)/10*(112/21 + -7). Calculate the greatest common divisor of 26 and s.
2
Let f be 8/((-24)/(-2325)) - 1. Calculate the greatest common factor of f and 18.
18
Suppose -l = -5*h - 26 - 0, 2*h + 5 = -5*l. Let k = 40 - 37. Calculate the highest common divisor of l and k.
1
Let n(j) = -j - 6. Let b be n(-7). Let l be 0 + 72 + -1 + b. Calculate the greatest common factor of 9 and l.
9
Let a(q) = -q**3 + 7*q**2 + q. Let l(s) = 6*s**2 + 1. Let h be l(1). Let v be a(h). Suppose 2*t - v*t = -65. What is the greatest common factor of t and 117?
13
Let o(i) = 2*i**2 + 5*i + 4. Suppose 4*c + 5 + 3 = 0. Let h be o(c). Let w be (-315)/(-20)*(h + 2). What is the greatest common divisor of w and 7?
7
Suppose s + 3*s = 48. Suppose -5*v = -186 + 916. Let g = v - -218. What is the highest common divisor of g and s?
12
Let k(b) = b**3 + 18*b**2 - 19*b + 12. Let j be k(-19). Let g = j - 0. Calculate the greatest common divisor of 12 and g.
12
Let h be 30/(-195) + (-184)/(-13). Calculate the greatest common factor of 203 and h.
7
Suppose t - 1 + 2 = 0. Let j be (t/2)/((-1)/6). Suppose 296 = 11*q - 1. What is the greatest common divisor of q and j?
3
Suppose 0 = -5*j - 3 - 22, -3*b - 4*j = 110. Let r be 44/6 + (-20)/b. Calculate the highest common factor of 2 and r.
2
Let v be (-9 + 0)*(-4175)/501. What is the greatest common divisor of v and 3975?
75
Let z be 8/5*45/(-18) - -20. Calculate the greatest common factor of 304 and z.
16
Suppose 3*n + k = 8, 7*k = 4*n + 2*k + 2. What is the highest common divisor of 31 and n?
1
Let k = 5 + -3. Suppose 14 - 8 = k*i. Let a = 21 - 15. What is the greatest common divisor of i and a?
3
Let q(a) = -11*a - 15. Let g be q(-8). Suppose 5*p + g